{"id":3202,"date":"2012-03-24T14:57:41","date_gmt":"2012-03-24T17:57:41","guid":{"rendered":"http:\/\/www.souavaiano.com.br\/v8\/?page_id=3202"},"modified":"2012-03-24T14:57:41","modified_gmt":"2012-03-24T17:57:41","slug":"gestao-de-qualidade","status":"publish","type":"page","link":"https:\/\/www.souavaiano.com.br\/v8\/avai-f-c\/gestao-de-qualidade\/","title":{"rendered":"Gest\u00e3o de Qualidade"},"content":{"rendered":"<p>&nbsp;<\/p>\n<p align=\"center\"><strong>Ava\u00ed Futebol Clube obt\u00e9m recomenda\u00e7\u00e3o para Certifica\u00e7\u00e3o ISO 9001: 2008<br \/>\n<\/strong>Clube \u00e9 o \u00fanico do mundo a ter a certifica\u00e7\u00e3o em todos os setores<\/p>\n<p>O dia 02 de fevereiro de 2012 ficar\u00e1 marcado na hist\u00f3ria do futebol mundial por ter sido neste dia que o Ava\u00ed encerrou o processo de implementa\u00e7\u00e3o da ISO 9001: 2008, obtendo da<strong> <\/strong>auditoria externa a recomenda\u00e7\u00e3o para a certifica\u00e7\u00e3o.<\/p>\n<p>Durante quatro dias de auditoria, nenhuma n\u00e3o conformidade (desvio do sistema de gest\u00e3o) foi encontrada, de modo que a equipe auditora recomendou a certifica\u00e7\u00e3o do clube ao Comit\u00ea T\u00e9cnico da Funda\u00e7\u00e3o Vanzolini que analisa o Relat\u00f3rio de Auditoria e autoriza a emiss\u00e3o do Certificado de Qualidade.<\/p>\n<p>Confirmada a certifica\u00e7\u00e3o, o Ava\u00ed dever\u00e1 receber seu certificado at\u00e9 o final do m\u00eas de fevereiro, tornando-se o \u00fanico clube de futebol profissional do mundo a obter a certifica\u00e7\u00e3o ISO 9001: 2008 para todos os seus processos. No Brasil, outros tr\u00eas clubes possuem o certificado ISO 9001, mas apenas para as atividades de atendimento ao s\u00f3cio. No mundo, alguns clubes possuem a certifica\u00e7\u00e3o apenas para alguns dos seus processos. No caso do Ava\u00ed, a norma foi implantada em todos os processos do clube, incluindo a gest\u00e3o das atividades do futebol.<\/p>\n<p>\u201cA implementa\u00e7\u00e3o da ISO \u00e9 um feito que comprova que estamos no caminho certo. Durante alguns meses tivemos o apoio de nossos colaboradores e neste momento \u00e9 preciso agradecer a cada colaborador pela dedica\u00e7\u00e3o no processo de implanta\u00e7\u00e3o da norma e durante a auditoria\u201d exaltou Jo\u00e3o Nilson Zunino, presidente do Ava\u00ed<\/p>\n<p>Para a Coordenadora da Qualidade, Kelly Franzoni, a conquista da ISO \u00e9 a primeira etapa de um ciclo que visa a melhoria constante do clube com a qualifica\u00e7\u00e3o profissional. \u201cEssa \u00e9 mais uma vit\u00f3ria da fam\u00edlia avaiana, e devemos nos orgulhar por isso\u201d comemora.<\/p>\n<p>O processo de organiza\u00e7\u00e3o do clube contou ainda com a importante participa\u00e7\u00e3o de colaboradores do setor de qualidade do Laborat\u00f3rio Santa Luzia, em especial das Senhoras Terezinha e Daniane, que desde o in\u00edcio orientaram o caminho certo a seguir.<\/p>\n<p>\u201cEstamos todos muito satisfeitos com o empenho e a dedica\u00e7\u00e3o de todos os colaboradores. Esta conquista se deve a este empenho que mostra a for\u00e7a do Ava\u00ed\u201d, comentou Cl\u00e1udio Vicente, Superintendente de Neg\u00f3cios do clube e Respons\u00e1vel da Dire\u00e7\u00e3o (RD) perante a norma.<\/p>\n<p><img loading=\"lazy\" decoding=\"async\" class=\"aligncenter size-full wp-image-3204\" title=\"Avai_GestaoDeQualidade\" src=\"http:\/\/www.souavaiano.com.br\/v8\/wp-content\/uploads\/2012\/03\/Avai_GestaoDeQualidade.jpg\" alt=\"\" width=\"645\" height=\"484\" srcset=\"https:\/\/www.souavaiano.com.br\/v8\/wp-content\/uploads\/2012\/03\/Avai_GestaoDeQualidade.jpg 645w, https:\/\/www.souavaiano.com.br\/v8\/wp-content\/uploads\/2012\/03\/Avai_GestaoDeQualidade-300x225.jpg 300w\" sizes=\"auto, (max-width: 645px) 100vw, 645px\" \/><\/p>\n<p>Da esquerda para a direita: Cl\u00e1udio Roberto Vicente (Representante da Dire\u00e7\u00e3o), Daniane Canali (Assessora), Kelly Priscila Franzoni (Coordenadora da Qualidade), Luciana Pereira (Auditora da Funda\u00e7\u00e3o Vanzolini), Teresinha Gartner (Assessora) e Jo\u00e3o Nilson Zunino (presidente)<\/p>\n","protected":false},"excerpt":{"rendered":"<p>&nbsp; Ava\u00ed Futebol Clube obt\u00e9m recomenda\u00e7\u00e3o para Certifica\u00e7\u00e3o ISO 9001: 2008 Clube \u00e9 o \u00fanico do mundo a ter a certifica\u00e7\u00e3o em todos os setores O dia 02 de fevereiro de 2012 ficar\u00e1 marcado na hist\u00f3ria do futebol mundial por ter sido neste dia que o Ava\u00ed encerrou o processo de implementa\u00e7\u00e3o da ISO 9001: [&hellip;]<\/p>\n","protected":false},"author":1,"featured_media":0,"parent":2822,"menu_order":7,"comment_status":"open","ping_status":"open","template":"","meta":{"footnotes":""},"class_list":["post-3202","page","type-page","status-publish","hentry"],"_links":{"self":[{"href":"https:\/\/www.souavaiano.com.br\/v8\/wp-json\/wp\/v2\/pages\/3202","targetHints":{"allow":["GET"]}}],"collection":[{"href":"https:\/\/www.souavaiano.com.br\/v8\/wp-json\/wp\/v2\/pages"}],"about":[{"href":"https:\/\/www.souavaiano.com.br\/v8\/wp-json\/wp\/v2\/types\/page"}],"author":[{"embeddable":true,"href":"https:\/\/www.souavaiano.com.br\/v8\/wp-json\/wp\/v2\/users\/1"}],"replies":[{"embeddable":true,"href":"https:\/\/www.souavaiano.com.br\/v8\/wp-json\/wp\/v2\/comments?post=3202"}],"version-history":[{"count":1,"href":"https:\/\/www.souavaiano.com.br\/v8\/wp-json\/wp\/v2\/pages\/3202\/revisions"}],"predecessor-version":[{"id":3205,"href":"https:\/\/www.souavaiano.com.br\/v8\/wp-json\/wp\/v2\/pages\/3202\/revisions\/3205"}],"up":[{"embeddable":true,"href":"https:\/\/www.souavaiano.com.br\/v8\/wp-json\/wp\/v2\/pages\/2822"}],"wp:attachment":[{"href":"https:\/\/www.souavaiano.com.br\/v8\/wp-json\/wp\/v2\/media?parent=3202"}],"curies":[{"name":"wp","href":"https:\/\/api.w.org\/{rel}","templated":true}]}}