{"id":3195,"date":"2012-03-24T14:45:56","date_gmt":"2012-03-24T17:45:56","guid":{"rendered":"http:\/\/www.souavaiano.com.br\/v8\/?page_id=3195"},"modified":"2012-03-24T14:45:56","modified_gmt":"2012-03-24T17:45:56","slug":"destaques","status":"publish","type":"page","link":"https:\/\/www.souavaiano.com.br\/v8\/avai-f-c\/cfa\/destaques\/","title":{"rendered":"Destaques"},"content":{"rendered":"<p>&nbsp;<\/p>\n<p><strong><\/strong>Com trabalho e profissionalismo, o CFA j\u00e1 revelou diversos talentos:<\/p>\n<p><strong>Marquinhos<\/strong> (meio-campo)<br \/>\nMarquinhos Vicente dos Santos<\/p>\n<p><strong>Edilson<\/strong> (lateral)<br \/>\nEdilson Mendes Guimar\u00e3es<\/p>\n<p><strong>Edno<\/strong> (atacante)<br \/>\nEdno Roberto Cunha<\/p>\n<p><strong>Thiago Bam Bam<\/strong> (goleiro)<br \/>\nThiago Schmidt Silveira<\/p>\n<p><strong>Rodrigo Galo<\/strong> (lateral)<br \/>\nRodrigo Galo Brito<\/p>\n<p><strong>Andr\u00e9 Moritz<\/strong> (meio-campo)<br \/>\nAndr\u00e9 Francisco Moritz<\/p>\n<p><strong>Fl\u00e1vio<\/strong> (goleiro)<br \/>\nFl\u00e1vio Roberto Kretzer<\/p>\n<p><strong>Marcos Paulo<\/strong> (volante)<br \/>\nMarcos Paulo Ramos da Silva<\/p>\n<p><strong>Renan<\/strong> (goleiro)<br \/>\nRenan Soares Reuter<\/p>\n<p><strong>Medina<\/strong> (lateral\/meia)<br \/>\nLuiz Carlos Medina<\/p>\n<p><span style=\"color: #888888;\">Fonte: www.avai.com.br<\/span><\/p>\n","protected":false},"excerpt":{"rendered":"<p>&nbsp; Com trabalho e profissionalismo, o CFA j\u00e1 revelou diversos talentos: Marquinhos (meio-campo) Marquinhos Vicente dos Santos Edilson (lateral) Edilson Mendes Guimar\u00e3es Edno (atacante) Edno Roberto Cunha Thiago Bam Bam (goleiro) Thiago Schmidt Silveira Rodrigo Galo (lateral) Rodrigo Galo Brito Andr\u00e9 Moritz (meio-campo) Andr\u00e9 Francisco Moritz Fl\u00e1vio (goleiro) Fl\u00e1vio Roberto Kretzer Marcos Paulo (volante) Marcos [&hellip;]<\/p>\n","protected":false},"author":1,"featured_media":0,"parent":3186,"menu_order":4,"comment_status":"open","ping_status":"open","template":"","meta":{"footnotes":""},"class_list":["post-3195","page","type-page","status-publish","hentry"],"_links":{"self":[{"href":"https:\/\/www.souavaiano.com.br\/v8\/wp-json\/wp\/v2\/pages\/3195","targetHints":{"allow":["GET"]}}],"collection":[{"href":"https:\/\/www.souavaiano.com.br\/v8\/wp-json\/wp\/v2\/pages"}],"about":[{"href":"https:\/\/www.souavaiano.com.br\/v8\/wp-json\/wp\/v2\/types\/page"}],"author":[{"embeddable":true,"href":"https:\/\/www.souavaiano.com.br\/v8\/wp-json\/wp\/v2\/users\/1"}],"replies":[{"embeddable":true,"href":"https:\/\/www.souavaiano.com.br\/v8\/wp-json\/wp\/v2\/comments?post=3195"}],"version-history":[{"count":1,"href":"https:\/\/www.souavaiano.com.br\/v8\/wp-json\/wp\/v2\/pages\/3195\/revisions"}],"predecessor-version":[{"id":3196,"href":"https:\/\/www.souavaiano.com.br\/v8\/wp-json\/wp\/v2\/pages\/3195\/revisions\/3196"}],"up":[{"embeddable":true,"href":"https:\/\/www.souavaiano.com.br\/v8\/wp-json\/wp\/v2\/pages\/3186"}],"wp:attachment":[{"href":"https:\/\/www.souavaiano.com.br\/v8\/wp-json\/wp\/v2\/media?parent=3195"}],"curies":[{"name":"wp","href":"https:\/\/api.w.org\/{rel}","templated":true}]}}