{"id":3188,"date":"2012-03-24T14:39:57","date_gmt":"2012-03-24T17:39:57","guid":{"rendered":"http:\/\/www.souavaiano.com.br\/v8\/?page_id=3188"},"modified":"2012-03-24T14:39:57","modified_gmt":"2012-03-24T17:39:57","slug":"o-centro","status":"publish","type":"page","link":"https:\/\/www.souavaiano.com.br\/v8\/avai-f-c\/cfa\/o-centro\/","title":{"rendered":"O Centro"},"content":{"rendered":"<p>&nbsp;<\/p>\n<p><strong><\/strong>O Ava\u00ed Futebol Clube visa a excel\u00eancia na forma\u00e7\u00e3o de seus atletas e a busca constante por novos talentos. Para garantir a boa forma\u00e7\u00e3o dos atletas, desde as suas categorias de base, foi criado o CFA: Centro de Forma\u00e7\u00e3o de Atletas. O CFA existe para que os jovens tenham todo o apoio necess\u00e1rio para se desenvolver e se tornar grandes revela\u00e7\u00f5es do futebol.<\/p>\n","protected":false},"excerpt":{"rendered":"<p>&nbsp; O Ava\u00ed Futebol Clube visa a excel\u00eancia na forma\u00e7\u00e3o de seus atletas e a busca constante por novos talentos. Para garantir a boa forma\u00e7\u00e3o dos atletas, desde as suas categorias de base, foi criado o CFA: Centro de Forma\u00e7\u00e3o de Atletas. O CFA existe para que os jovens tenham todo o apoio necess\u00e1rio para [&hellip;]<\/p>\n","protected":false},"author":1,"featured_media":0,"parent":3186,"menu_order":1,"comment_status":"open","ping_status":"open","template":"","meta":{"footnotes":""},"class_list":["post-3188","page","type-page","status-publish","hentry"],"_links":{"self":[{"href":"https:\/\/www.souavaiano.com.br\/v8\/wp-json\/wp\/v2\/pages\/3188","targetHints":{"allow":["GET"]}}],"collection":[{"href":"https:\/\/www.souavaiano.com.br\/v8\/wp-json\/wp\/v2\/pages"}],"about":[{"href":"https:\/\/www.souavaiano.com.br\/v8\/wp-json\/wp\/v2\/types\/page"}],"author":[{"embeddable":true,"href":"https:\/\/www.souavaiano.com.br\/v8\/wp-json\/wp\/v2\/users\/1"}],"replies":[{"embeddable":true,"href":"https:\/\/www.souavaiano.com.br\/v8\/wp-json\/wp\/v2\/comments?post=3188"}],"version-history":[{"count":1,"href":"https:\/\/www.souavaiano.com.br\/v8\/wp-json\/wp\/v2\/pages\/3188\/revisions"}],"predecessor-version":[{"id":3189,"href":"https:\/\/www.souavaiano.com.br\/v8\/wp-json\/wp\/v2\/pages\/3188\/revisions\/3189"}],"up":[{"embeddable":true,"href":"https:\/\/www.souavaiano.com.br\/v8\/wp-json\/wp\/v2\/pages\/3186"}],"wp:attachment":[{"href":"https:\/\/www.souavaiano.com.br\/v8\/wp-json\/wp\/v2\/media?parent=3188"}],"curies":[{"name":"wp","href":"https:\/\/api.w.org\/{rel}","templated":true}]}}