{"id":3095,"date":"2012-03-24T02:36:47","date_gmt":"2012-03-24T05:36:47","guid":{"rendered":"http:\/\/www.souavaiano.com.br\/v8\/?page_id=3095"},"modified":"2012-03-24T02:36:47","modified_gmt":"2012-03-24T05:36:47","slug":"voce-sabia","status":"publish","type":"page","link":"https:\/\/www.souavaiano.com.br\/v8\/memoria-avaiana\/voce-sabia\/","title":{"rendered":"Voc\u00ea sabia"},"content":{"rendered":"<p>&nbsp;<\/p>\n<p align=\"justify\">&#8230; que o Ava\u00ed quando foi fundado se escrevia da seguinte maneira : AVAHY. A partir de 1937 \u00e9 que a grafia mudou para o nome que conhecemos hoje.<\/p>\n<hr \/>\n<p align=\"justify\">.. que no dia 1\u00ba de setembro foram fundados os seguintes clubes :<\/p>\n<p align=\"justify\">Em 1910 o Sport Club <strong>COR\u00cdNTHIANS<\/strong> Paulista (S\u00e3o Paulo\/SP)<br \/>\nEm 1910 o Esporte Clube <strong>NOROESTE<\/strong> (Baur\u00fa\/SP)<br \/>\nEm 1923 o <strong>AVA\u00cd<\/strong> Futebol Clube (Florian\u00f3polis\/SC)<br \/>\nEm 1935 o <strong>PALESTRA<\/strong> de S\u00e3o Bernardo (S\u00e3o Bernardo do Campo\/SP)<\/p>\n<hr \/>\n<div align=\"justify\">&#8230; que existe no estado de S\u00e3o Paulo uma cidade chamada AVA\u00cd? Situada no centro do estado, est\u00e1 a 325 km da capital, fazendo divisa com a cidade de Bauru. A popula\u00e7\u00e3o segundo o \u00faltimo censo do IBGE \u00e9 de 4596 habitantes.<\/div>\n<hr \/>\n<p align=\"justify\">&#8230; quem nasce em AVA\u00cd \u00e9 avaiense?<\/p>\n<hr \/>\n<p>&#8230; que o AVA\u00cd foi um dos fundadores da Liga Santa Catarina de Desportos Terrestres &#8211; LSCDT, precursora da Federa\u00e7\u00e3o Catarinense de Futebol?<\/p>\n<hr \/>\n<p align=\"justify\">&#8230; que o maior placar oficial de Santa Catarina foi no jogo AVA\u00cd 21 x 3 Paula Ramos, jogo v\u00e1lido pelo campeonato citadino de 1945?<\/p>\n<p align=\"justify\">Marcaram para o AVA\u00cd os seguintes atletas : Jacinto, Saul(5), Felipinho(4), Sapinho(6), Agenor, Nizeta(3) e Ti\u00e3o.<\/p>\n<hr \/>\n<p>&#8230; que a maior goleada em cl\u00e1ssicos ocorreu no dia 2 de fevereiro de 1938. O placar?<\/p>\n<p align=\"justify\">AVA\u00cc 11 x 2 Figueirense<\/p>\n<p align=\"justify\">Marcaram para o AVA\u00cd: Sapinho (4), Proc\u00f3pio (2), Galego, Pacheco, Saul, Nizeta e Silvio.<\/p>\n<hr \/>\n<p>&#8230; que o est\u00e1dio Adolfo Konder ficou conhecido como Pasto do Bode, porque os empregados da FCF soltavam cabras e bodes no gramado com o intuito de manter a grama sempre aparada, que pastavam tranq\u00fcilamente entre uma partida e outra.<\/p>\n<hr \/>\n<p align=\"justify\">&#8230; que Le\u00e3o foi a forma que a imprensa passou a designar o Ava\u00ed na d\u00e9cada de 30 ? Para o Figueirense, o apelido escolhido foi o de Tigre.<\/p>\n<hr \/>\n<p>&#8230; que al\u00e9m de Le\u00e3o x Tigre, a imprensa tamb\u00e9m se referia ao cl\u00e1ssico como FLA X FLU catarinense e FLA X FLU de Florian\u00f3polis.<\/p>\n<hr \/>\n<p>&#8230; que o \u00faltimo jogo oficial no est\u00e1dio Adolfo Konder foi Ava\u00ed 0 x 0 Joinville? O jogo ocorreu no dia 12 de outubro de 1983, com um p\u00fablico de 2.056 pessoas.<\/p>\n<hr \/>\n<div align=\"justify\">&#8230; que em Rio das Antas existe um time chamado Ava\u00ed? Suas cores s\u00e3o azul e branco e foi fundado em 1942, em homenagem ao Ava\u00ed da capital catarinense, campe\u00e3o estadual daquele ano.<\/div>\n","protected":false},"excerpt":{"rendered":"<p>&nbsp; &#8230; que o Ava\u00ed quando foi fundado se escrevia da seguinte maneira : AVAHY. A partir de 1937 \u00e9 que a grafia mudou para o nome que conhecemos hoje. .. que no dia 1\u00ba de setembro foram fundados os seguintes clubes : Em 1910 o Sport Club COR\u00cdNTHIANS Paulista (S\u00e3o Paulo\/SP) Em 1910 o [&hellip;]<\/p>\n","protected":false},"author":1,"featured_media":0,"parent":3058,"menu_order":5,"comment_status":"open","ping_status":"open","template":"","meta":{"footnotes":""},"class_list":["post-3095","page","type-page","status-publish","hentry"],"_links":{"self":[{"href":"https:\/\/www.souavaiano.com.br\/v8\/wp-json\/wp\/v2\/pages\/3095","targetHints":{"allow":["GET"]}}],"collection":[{"href":"https:\/\/www.souavaiano.com.br\/v8\/wp-json\/wp\/v2\/pages"}],"about":[{"href":"https:\/\/www.souavaiano.com.br\/v8\/wp-json\/wp\/v2\/types\/page"}],"author":[{"embeddable":true,"href":"https:\/\/www.souavaiano.com.br\/v8\/wp-json\/wp\/v2\/users\/1"}],"replies":[{"embeddable":true,"href":"https:\/\/www.souavaiano.com.br\/v8\/wp-json\/wp\/v2\/comments?post=3095"}],"version-history":[{"count":1,"href":"https:\/\/www.souavaiano.com.br\/v8\/wp-json\/wp\/v2\/pages\/3095\/revisions"}],"predecessor-version":[{"id":3096,"href":"https:\/\/www.souavaiano.com.br\/v8\/wp-json\/wp\/v2\/pages\/3095\/revisions\/3096"}],"up":[{"embeddable":true,"href":"https:\/\/www.souavaiano.com.br\/v8\/wp-json\/wp\/v2\/pages\/3058"}],"wp:attachment":[{"href":"https:\/\/www.souavaiano.com.br\/v8\/wp-json\/wp\/v2\/media?parent=3095"}],"curies":[{"name":"wp","href":"https:\/\/api.w.org\/{rel}","templated":true}]}}