{"id":3089,"date":"2012-03-24T02:31:07","date_gmt":"2012-03-24T05:31:07","guid":{"rendered":"http:\/\/www.souavaiano.com.br\/v8\/?page_id=3089"},"modified":"2013-01-20T03:23:07","modified_gmt":"2013-01-20T05:23:07","slug":"2010-a-2012","status":"publish","type":"page","link":"https:\/\/www.souavaiano.com.br\/v8\/memoria-avaiana\/historia-azurra\/2010-a-2012\/","title":{"rendered":"2010 \u00e0 2012"},"content":{"rendered":"<p>&nbsp;<\/p>\n<p align=\"center\"><strong>Hist\u00f3ria Azurra<br \/>\n<\/strong><\/p>\n<p style=\"text-align: center;\"><strong>2010 \u00e0 2012<\/strong><\/p>\n<p><strong>2010<br \/>\n<\/strong><\/p>\n<p><strong>2 de maio<\/strong><br \/>\nConquista o bicampeonato catarinense ao vencer a equipe do Joinville pelos placares de 3 a 1 (em Joinville) e 2 a 0, no est\u00e1dio da Ressacada, em Florian\u00f3polis, com um p\u00fablico de mais de 17 mil pessoas. Na segunda partida jogaram: Z\u00e9 Carlos; Rafael, Emerson Nunes (Gabriel) e \u00c9merson; Uendel, Marcinho Guerreiro, Rudnei (Batista), Caio, Davi (Carreirinha) e Patric; Roberto. O t\u00e9cnico era o P\u00e9ricles Chamusca.<\/p>\n<p><strong>13 de outubro<\/strong><br \/>\nO Ava\u00ed estreia em partidas oficiais fora do Brasil. Na primeira fase da Copa Sul-Americana eliminou o Santos. Na segunda fase o Ava\u00ed enfrenta o Emelec no Est\u00e1dio George Capwell, no Equador.<\/p>\n<p>Finaliza o Campeonato Brasileiro da S\u00e9rie A na 15\u00ba coloca\u00e7\u00e3o<\/p>\n<p><strong>2011<br \/>\n<\/strong>No Campeonato Catarinense termina ocupando a 3\u00aa coloca\u00e7\u00e3o<\/p>\n<p>Finaliza o Campeonato Brasileiro da S\u00e9rie A na 20\u00ba coloca\u00e7\u00e3o e \u00e9 rebaixado para a S\u00e9rie B 2012.<\/p>\n<p><strong>2012<\/strong><\/p>\n<p>Conquista o Campeonato Catarinense vencendo o Figueirense por 3 x 0 e 2 x 1 nas duas partidas finais.<\/p>\n<p>Finaliza o Campeonato Brasileiro da S\u00e9rie B na 7\u00aa coloca\u00e7\u00e3o.<\/p>\n<p><strong>2013<\/strong><br \/>\n<strong>16 de janeiro de 2013<\/strong><br \/>\nMarquinhos Santos retorna ao Ava\u00ed<\/p>\n<p><span style=\"color: #c0c0c0;\">Atualiza\u00e7\u00e3o: 20\/01\/2013<\/span><\/p>\n<p>&nbsp;<\/p>\n<p>&nbsp;<\/p>\n<p><span style=\"color: #888888;\">Obs.: aguardando envio de conte\u00fado.<\/span><\/p>\n","protected":false},"excerpt":{"rendered":"<p>&nbsp; Hist\u00f3ria Azurra 2010 \u00e0 2012 2010 2 de maio Conquista o bicampeonato catarinense ao vencer a equipe do Joinville pelos placares de 3 a 1 (em Joinville) e 2 a 0, no est\u00e1dio da Ressacada, em Florian\u00f3polis, com um p\u00fablico de mais de 17 mil pessoas. Na segunda partida jogaram: Z\u00e9 Carlos; Rafael, Emerson [&hellip;]<\/p>\n","protected":false},"author":1,"featured_media":0,"parent":3066,"menu_order":10,"comment_status":"open","ping_status":"open","template":"","meta":{"footnotes":""},"class_list":["post-3089","page","type-page","status-publish","hentry"],"_links":{"self":[{"href":"https:\/\/www.souavaiano.com.br\/v8\/wp-json\/wp\/v2\/pages\/3089","targetHints":{"allow":["GET"]}}],"collection":[{"href":"https:\/\/www.souavaiano.com.br\/v8\/wp-json\/wp\/v2\/pages"}],"about":[{"href":"https:\/\/www.souavaiano.com.br\/v8\/wp-json\/wp\/v2\/types\/page"}],"author":[{"embeddable":true,"href":"https:\/\/www.souavaiano.com.br\/v8\/wp-json\/wp\/v2\/users\/1"}],"replies":[{"embeddable":true,"href":"https:\/\/www.souavaiano.com.br\/v8\/wp-json\/wp\/v2\/comments?post=3089"}],"version-history":[{"count":4,"href":"https:\/\/www.souavaiano.com.br\/v8\/wp-json\/wp\/v2\/pages\/3089\/revisions"}],"predecessor-version":[{"id":3232,"href":"https:\/\/www.souavaiano.com.br\/v8\/wp-json\/wp\/v2\/pages\/3089\/revisions\/3232"}],"up":[{"embeddable":true,"href":"https:\/\/www.souavaiano.com.br\/v8\/wp-json\/wp\/v2\/pages\/3066"}],"wp:attachment":[{"href":"https:\/\/www.souavaiano.com.br\/v8\/wp-json\/wp\/v2\/media?parent=3089"}],"curies":[{"name":"wp","href":"https:\/\/api.w.org\/{rel}","templated":true}]}}