{"id":3085,"date":"2012-03-24T02:25:30","date_gmt":"2012-03-24T05:25:30","guid":{"rendered":"http:\/\/www.souavaiano.com.br\/v8\/?page_id=3085"},"modified":"2012-03-24T02:25:30","modified_gmt":"2012-03-24T05:25:30","slug":"1990-a-1999","status":"publish","type":"page","link":"https:\/\/www.souavaiano.com.br\/v8\/memoria-avaiana\/historia-azurra\/1990-a-1999\/","title":{"rendered":"1990 \u00e0 1999"},"content":{"rendered":"<p>&nbsp;<\/p>\n<p align=\"center\"><strong>Hist\u00f3ria Azurra<br \/>\n<\/strong><\/p>\n<p align=\"center\"><strong>1990 \u00e0 1999<\/strong><\/p>\n<p align=\"justify\"><strong>13 de dezembro de 1992<br \/>\n<\/strong>O Ava\u00ed consagra-se vice-campe\u00e3o estadual. Perdeu a partida final para o Brusque pelo placar de 2&#215;1 no tempo normal. Como na primeira partida, o Ava\u00ed havia vencido por 1 x 0, a partida foi para a prorroga\u00e7\u00e3o, que foi vencida pelo Brusque pelo placar de 1 x 0. Pelo Ava\u00ed jogaram: Carl\u00e3o, Netinho, Roberto Silva, Vila, Gerson, Roberto Nunes, M\u00e1rcio, Belmonte, Adilson Heleno, Jerry, Claudiomir, Polaco e Albeneir. Carl\u00e3o mais tarde jogou no Botafogo e Netinho no S\u00e3o Paulo.<\/p>\n<p align=\"justify\"><strong>6 de julho de 1993<br \/>\n<\/strong>O Ava\u00ed foi rebaixado para a Segunda Divis\u00e3o Catarinense.<\/p>\n<p align=\"justify\"><strong>5 de novembro de 1993<br \/>\n<\/strong>O jornalista Fernando Linhares da Silva lan\u00e7a o livro <em>Pasto do Bode<\/em>, contando em cr\u00f4nicas algumas passagens hist\u00f3ricas do &#8220;Campo da Liga&#8221;, o est\u00e1dio Adolfo Konder, que um dia pertenceu \u00e0 Federa\u00e7\u00e3o Catarinense de Futebol e depois ao Ava\u00ed.<\/p>\n<p align=\"justify\"><strong>4 de maio de 1994<\/strong><br \/>\nA Sele\u00e7\u00e3o Brasileira joga mais uma vez na Ressacada, \u00e0s v\u00e9speras do embarque para a Copa dos Estados Unidos. Vit\u00f3ria de 3 a 0 sobre os islandeses, com destaque para a atua\u00e7\u00e3o de Ronaldinho.<\/p>\n<p align=\"justify\"><strong>12 de novembro de 1994<\/strong><br \/>\nO Ava\u00ed disputa a primeira partida da final da segunda divis\u00e3o com o Herc\u00edlio Luz, na cidade de Tubar\u00e3o e a partida acaba empatada em 1 x 1.<\/p>\n<p align=\"justify\"><strong>19 de novembro de 1994<br \/>\n<\/strong>O Ava\u00ed vence o Herc\u00edlio Luz, em Florian\u00f3polis, pelo placar de 2 x 1 a segunda e \u00faltima partida da final da segundona e retorna \u00e0 elite do futebol catarinense.<\/p>\n<p align=\"justify\"><strong>1995<\/strong><br \/>\nUma equipe formada em sua maioria nas divis\u00f5es interiores do clube derrota por 3 a 1 o Joinville, em Joinville, e traz para a Ressacada, o t\u00edtulo da Copa Santa Catarina.<\/p>\n<p align=\"justify\"><strong>13 de fevereiro de 1995<br \/>\n<\/strong>Morre o patrono do Ava\u00ed, doutor Aderbal Ramos da Silva, aos 74 anos de idade.<\/p>\n<p align=\"justify\"><strong>1997<\/strong><br \/>\nO capit\u00e3o It\u00e1 levanta a ta\u00e7a de campe\u00e3o estadual. A conquista faz do Ava\u00ed Futebol Clube o Campe\u00e3o do S\u00e9culo.<\/p>\n<p align=\"justify\"><strong>Junho de 1997<br \/>\n<\/strong>O tenista Gustavo Kuerten vence o torneio de Roland Garros e revela para todo o pa\u00eds seu amor ao clube da Ressacada. Guga tamb\u00e9m coloca na m\u00eddia o atacante Jacar\u00e9.<\/p>\n<p align=\"justify\"><strong>1997<\/strong><br \/>\nO Le\u00e3o passa a contar com uma equipe de ciclismo. O clube n\u00e3o investe s\u00f3 no futebol.<\/p>\n<p align=\"justify\"><strong>1998<br \/>\n<\/strong>Mantendo a base da equipe campe\u00e3 em 1997, o Ava\u00ed vence dois turnos do campeonato catarinense. Mas, mesmo com dois pontos de vantagem no quadrangular final, a equipe deixa escapar a chance de conquistar o bicampeonato.<\/p>\n<p align=\"justify\"><strong>1998<br \/>\n<\/strong>De volta \u00e0 Copa do Brasil, o Le\u00e3o da Ilha empata em 1 a 1 com o Atl\u00e9tico Mineiro na Ressacada, mas \u00e9 desclassificado com a goleada de 5 a 1 em Belo Horizonte.<\/p>\n<p align=\"justify\"><strong>1998<br \/>\n<\/strong>Mantendo sua proposta de expans\u00e3o do Departamento de Esportes Amadores, o Ava\u00ed monta sua equipe de futebol feminino.<\/p>\n<p align=\"justify\"><strong>1998<br \/>\n<\/strong>O ciclista Daniel Gon\u00e7alves, da equipe do Ava\u00ed, \u00e9 convocado para a sele\u00e7\u00e3o brasileira sub-23 para a disputa do campeonato sulamericano.<\/p>\n<p align=\"justify\"><strong>1\u00ba de setembro de 1998<br \/>\n<\/strong>Para marcar seus 75 anos de gl\u00f3rias, o ava\u00ed faz uma s\u00e9rie de homenagens, inclusive para Joel Vieira de Souza, de 92 anos, \u00fanico representante do primeiro time campe\u00e3o do Ava\u00ed.<\/p>\n<p align=\"justify\"><strong>6 de dezembro de 1998<br \/>\n<\/strong>O Ava\u00ed tornar-se Campe\u00e3o Brasileiro da S\u00e9rie C, mesmo perdendo para o S\u00e3o Caetano pelo placar de 1 a 0, no Est\u00e1dio Jo\u00e3o Anacleto na cidade de S\u00e3o Caetano.<\/p>\n<p align=\"justify\"><strong>1999<br \/>\n<\/strong>O Ava\u00ed faz a melhor campanhas dos clubes catarinenses na Copa Sul. O time fez sua melhor apresenta\u00e7\u00e3o goleando o Juventude\/RS na Ressacada, pelo placar de 4 x 1.<\/p>\n<p align=\"justify\"><strong>1999<br \/>\n<\/strong>0 Ava\u00ed elimina o Figueirense na Copa do Brasil. No jogo de ida, no est\u00e1dio Orlando Scarpelli, o time azurra venceu por 2 x 1, com D\u00e3o marcando 2 vezes e Gen\u00edlson assinalando o gol alvinegro. O jogo de volta acabou 0 x 0.<\/p>\n<p><strong>1999<\/strong><br \/>\nNuma decis\u00e3o tumultuada, onde o \u00e1rbrito Cl\u00e9sio Moreira dos Santos anulou um gol leg\u00edtimo do Ava\u00ed na prorroga\u00e7\u00e3o, o Le\u00e3o sagrou-se vice-campe\u00e3o do estado. No 1\u00ba jogo, vit\u00f3ria avaiana por 2 x 0. No 2\u00ba jogo, vit\u00f3ria alvinegra por 2 x 1, sendo o placar da prorroga\u00e7\u00e3o\u00a0 0 x 0.<\/p>\n<p align=\"justify\"><strong>1999<\/strong>&#8211; Em seu 1\u00ba ano disputando a s\u00e9rie B, o Ava\u00ed faz excelente campanha e acaba na 8\u00aa coloca\u00e7\u00e3o.<\/p>\n","protected":false},"excerpt":{"rendered":"<p>&nbsp; Hist\u00f3ria Azurra 1990 \u00e0 1999 13 de dezembro de 1992 O Ava\u00ed consagra-se vice-campe\u00e3o estadual. Perdeu a partida final para o Brusque pelo placar de 2&#215;1 no tempo normal. Como na primeira partida, o Ava\u00ed havia vencido por 1 x 0, a partida foi para a prorroga\u00e7\u00e3o, que foi vencida pelo Brusque pelo placar [&hellip;]<\/p>\n","protected":false},"author":1,"featured_media":0,"parent":3066,"menu_order":8,"comment_status":"open","ping_status":"open","template":"","meta":{"footnotes":""},"class_list":["post-3085","page","type-page","status-publish","hentry"],"_links":{"self":[{"href":"https:\/\/www.souavaiano.com.br\/v8\/wp-json\/wp\/v2\/pages\/3085","targetHints":{"allow":["GET"]}}],"collection":[{"href":"https:\/\/www.souavaiano.com.br\/v8\/wp-json\/wp\/v2\/pages"}],"about":[{"href":"https:\/\/www.souavaiano.com.br\/v8\/wp-json\/wp\/v2\/types\/page"}],"author":[{"embeddable":true,"href":"https:\/\/www.souavaiano.com.br\/v8\/wp-json\/wp\/v2\/users\/1"}],"replies":[{"embeddable":true,"href":"https:\/\/www.souavaiano.com.br\/v8\/wp-json\/wp\/v2\/comments?post=3085"}],"version-history":[{"count":2,"href":"https:\/\/www.souavaiano.com.br\/v8\/wp-json\/wp\/v2\/pages\/3085\/revisions"}],"predecessor-version":[{"id":13565,"href":"https:\/\/www.souavaiano.com.br\/v8\/wp-json\/wp\/v2\/pages\/3085\/revisions\/13565"}],"up":[{"embeddable":true,"href":"https:\/\/www.souavaiano.com.br\/v8\/wp-json\/wp\/v2\/pages\/3066"}],"wp:attachment":[{"href":"https:\/\/www.souavaiano.com.br\/v8\/wp-json\/wp\/v2\/media?parent=3085"}],"curies":[{"name":"wp","href":"https:\/\/api.w.org\/{rel}","templated":true}]}}