{"id":3062,"date":"2012-03-24T01:42:05","date_gmt":"2012-03-24T04:42:05","guid":{"rendered":"http:\/\/www.souavaiano.com.br\/v8\/?page_id=3062"},"modified":"2012-03-24T01:42:05","modified_gmt":"2012-03-24T04:42:05","slug":"o-inicio-de-tudo","status":"publish","type":"page","link":"https:\/\/www.souavaiano.com.br\/v8\/memoria-avaiana\/o-inicio-de-tudo\/","title":{"rendered":"O in\u00edcio de tudo"},"content":{"rendered":"<p>&nbsp;<\/p>\n<p align=\"justify\">\u00c9 imposs\u00edvel falarmos do AVA\u00cd FUTEBOL CLUBE sem falarmos da Guerra Do Paraguai, uma vez que a origem do nome AVA\u00cd foi decorrente de uma das batalhas ocorridas durante aquele confronto b\u00e9lico.<\/p>\n<p align=\"justify\">Maior conflito armado da hist\u00f3ria sul-americana, tanto pela dura\u00e7\u00e3o (1864-1870) como pelo vulto dos efetivos militares envolvidos.<\/p>\n<p align=\"justify\">Em novembro de 1864, o ditador paraguaio Francisco Solano L\u00f3pez &#8211; que tinha planos de formar o Grande Estado do Prata, a ser composto pelo Paraguai, Uruguai e partes da Argentina e do Brasil &#8211; declarou guerra ao Brasil, ap\u00f3s ter mandado aprisionar o navio mercante brasileiro Marqu\u00eas de Olinda.<\/p>\n<p align=\"justify\">Em janeiro de 1865, Solano L\u00f3pez invadiu a prov\u00edncia argentina de Corrientes para atacar o Brasil. A Argentina entrou na guerra ao lado do Brasil, que j\u00e1 tinha o Uruguai como aliado. Os tr\u00eas pa\u00edses assinaram o Tratado da Tr\u00edplice Alian\u00e7a, apoiados pela Inglaterra &#8211; j\u00e1 que o nacionalismo paraguaio amea\u00e7ava os interesses ingleses na Am\u00e9rica do Sul.<\/p>\n<p align=\"justify\">Ap\u00f3s v\u00e1rias batalhas, o ex\u00e9rcito paraguaio foi derrotado e o ditador assassinado em mar\u00e7o de 1870. Algumas das batalhas tornaram-se famosas, tais como a do Riachuelo, Tuiuti (considerada a maior batalha campal da Am\u00e9rica do Sul), Itotor\u00f3 e Ava\u00ed.<\/p>\n<p align=\"justify\">A batalha do Ava\u00ed foi uma das batalhas da dezembrada &#8211; conjunto de opera\u00e7\u00f5es militares ocorridas em dezembro de 1868, que tamb\u00e9m inclui o combate da Ponte de Itoror\u00f3, planejadas e comandadas pelo ent\u00e3o Marqu\u00eas de Caxias, abrindo acesso a Assun\u00e7\u00e3o.<\/p>\n<p align=\"justify\">Na noite de 10 de dezembro de 1868, 9.000 homens do Ex\u00e9rcito brasileiro acamparam em Porto Ipaner, territ\u00f3rio paraguaio. Ao amanhecer, Caxias ordenou a marcha em dire\u00e7\u00e3o \u00e0 cidade de Villeta; os paraguaios, em igual n\u00famero, esperavam junto \u00e0 ponte ao sul do arroio Ava\u00ed. Depois da vit\u00f3ria, a tropa brasileira foi descansar em Villeta, \u00e0 margem do rio Paraguai.<\/p>\n<p align=\"justify\">V\u00e1rios brasileiros notabilizaram-se por sua participa\u00e7\u00e3o no conflito, entre eles o Duque de Caxias, Almirante Francisco Manuel Barroso da Silva e General Manuel Lu\u00eds Os\u00f3rio.<\/p>\n<p align=\"justify\">A Guerra do Paraguai aumentou a crise econ\u00f4mica brasileira e arruinou o Paraguai, at\u00e9 ent\u00e3o a na\u00e7\u00e3o mais desenvolvida da Am\u00e9rica do Sul.<\/p>\n<p align=\"justify\">Sa\u00edmos do s\u00e9culo XIX e entramos no s\u00e9culo XX, mais precisamente no dia 1\u00ba de setembro de 1923. Neste dia sagrado para os avaianos de cora\u00e7\u00e3o, foi fundado o clube mais vezes campe\u00e3o de Santa Catarina.<\/p>\n<p align=\"justify\">O Ava\u00ed Futebol Clube surgiu de um pequeno time de futebol da Pedra Grande (atual Agron\u00f4mica), onde garotos jogavam nos fins de semana. Um dia esses garotos ganharam do comerciante Amadeu Horn os t\u00e3o sonhados &#8220;ternos&#8221;, que era o nome que tinha os uniformes. O uniforme era igual ao Clube N\u00e1utico Riachuelo, o clube que Amadeu Horn amava e participava, que tinha camisas de listras azuis e brancas, cal\u00e7\u00f5es e meias azuis e chuteiras. E para estrear o novo uniforme, marcaram um jogo contra o time do Humait\u00e1, no Campo do Ba\u00fa e venceram, obrigando uma revanche. Marcaram outro jogo e o Campo do Ba\u00fa ficou lotado para ver uma nova vit\u00f3ria avaiana. Na empolga\u00e7\u00e3o da vit\u00f3ria decidiram formar um time de futebol.<\/p>\n<p align=\"justify\">Na casa de Amadeu Horn decidiram que o nome seria Independ\u00eancia e o presidente seria o pr\u00f3prio Amadeu Horn. Mas Arnaldo Pinto de Oliveira, que chegou atrasado \u00e0 reuni\u00e3o, achou o nome muito grande e sugeriu o nome &#8220;Ava\u00ed&#8221;, tendo em vista estar estudando hist\u00f3rias sobre a &#8220;Batalha do Avahy&#8221;, durante a Guerra do Paraguai. Consta ent\u00e3o como nome oficial AVA\u00cd FUTEBOL CLUBE, e a data de funda\u00e7\u00e3o era 1\u00ba de Setembro de 1923. A partir da\u00ed come\u00e7ava a hist\u00f3ria desse que seria o grande time do estado de Santa Catarina.<\/p>\n","protected":false},"excerpt":{"rendered":"<p>&nbsp; \u00c9 imposs\u00edvel falarmos do AVA\u00cd FUTEBOL CLUBE sem falarmos da Guerra Do Paraguai, uma vez que a origem do nome AVA\u00cd foi decorrente de uma das batalhas ocorridas durante aquele confronto b\u00e9lico. Maior conflito armado da hist\u00f3ria sul-americana, tanto pela dura\u00e7\u00e3o (1864-1870) como pelo vulto dos efetivos militares envolvidos. Em novembro de 1864, o [&hellip;]<\/p>\n","protected":false},"author":1,"featured_media":0,"parent":3058,"menu_order":1,"comment_status":"open","ping_status":"open","template":"","meta":{"footnotes":""},"class_list":["post-3062","page","type-page","status-publish","hentry"],"_links":{"self":[{"href":"https:\/\/www.souavaiano.com.br\/v8\/wp-json\/wp\/v2\/pages\/3062","targetHints":{"allow":["GET"]}}],"collection":[{"href":"https:\/\/www.souavaiano.com.br\/v8\/wp-json\/wp\/v2\/pages"}],"about":[{"href":"https:\/\/www.souavaiano.com.br\/v8\/wp-json\/wp\/v2\/types\/page"}],"author":[{"embeddable":true,"href":"https:\/\/www.souavaiano.com.br\/v8\/wp-json\/wp\/v2\/users\/1"}],"replies":[{"embeddable":true,"href":"https:\/\/www.souavaiano.com.br\/v8\/wp-json\/wp\/v2\/comments?post=3062"}],"version-history":[{"count":1,"href":"https:\/\/www.souavaiano.com.br\/v8\/wp-json\/wp\/v2\/pages\/3062\/revisions"}],"predecessor-version":[{"id":3063,"href":"https:\/\/www.souavaiano.com.br\/v8\/wp-json\/wp\/v2\/pages\/3062\/revisions\/3063"}],"up":[{"embeddable":true,"href":"https:\/\/www.souavaiano.com.br\/v8\/wp-json\/wp\/v2\/pages\/3058"}],"wp:attachment":[{"href":"https:\/\/www.souavaiano.com.br\/v8\/wp-json\/wp\/v2\/media?parent=3062"}],"curies":[{"name":"wp","href":"https:\/\/api.w.org\/{rel}","templated":true}]}}