{"id":2997,"date":"2012-03-23T23:41:34","date_gmt":"2012-03-24T02:41:34","guid":{"rendered":"http:\/\/www.souavaiano.com.br\/v8\/?page_id=2997"},"modified":"2012-03-23T23:41:34","modified_gmt":"2012-03-24T02:41:34","slug":"estrutura","status":"publish","type":"page","link":"https:\/\/www.souavaiano.com.br\/v8\/avai-f-c\/estadio\/estrutura\/","title":{"rendered":"Estrutura"},"content":{"rendered":"<p>&nbsp;<\/p>\n<p><strong><\/strong>Considerado um dos tr\u00eas melhores gramados do Brasil.<\/p>\n<p>Em 2005 fizemos uma grande reforma: trocamos toda a grama, implantamos o sistema de irriga\u00e7\u00e3o computadorizada e fizemos algumas melhorias no sistema de drenagem (hoje a manuten\u00e7\u00e3o acontece duas vezes por m\u00eas).<\/p>\n<p>A inaugura\u00e7\u00e3o do novo gramado (105 x 70 metros), com grama do tipo Bermuda Tifway 419, aconteceu no dia 22 de janeiro de 2006.<\/p>\n<p>E para deixar nosso campo ainda melhor trouxemos, no ano passado, uma novidade: a \u201csemente de inverno\u201d. A Ressacada \u00e9 o \u00fanico est\u00e1dio de Santa Catarina com esse tipo de grama, que \u00e9 bem resistente ao frio aqui do sul. Alguns clubes do Rio Grande do Sul e do Paran\u00e1 tamb\u00e9m est\u00e3o aderindo ao plantio e j\u00e1 utilizam a semente em seus est\u00e1dios.<\/p>\n<p><strong><\/strong>A estrutura do est\u00e1dio \u00e9 feita em concreto armado pr\u00e9-moldado e a cobertura das arquibancadas \u00e9 em estrutura met\u00e1lica, inclusive as telhas.<\/p>\n<p>H\u00e1 ainda as casamatas com bancos de reserva com capacidade para 12 pessoas cada e outra destinada ao 4\u00ba \u00e1rbitro e mes\u00e1rios.<\/p>\n<p>O sistema de ilumina\u00e7\u00e3o \u00e9 feito a partir de 04 torres e est\u00e1 atualmente sendo aprimorado para aumentar a intensidade de luz.<\/p>\n<p>Temos ainda sistema de som, 01 placar eletr\u00f4nico com 3 x 5 metros e lanchonetes em todos os setores.<\/p>\n<p>O acesso \u00e0s arquibancadas \u00e9 feito a partir de rampas e escadas, j\u00e1 os camarotes e cabines de imprensa, contam com elevadores, que tamb\u00e9m s\u00e3o usados pelos cadeirantes que usufruem de um espa\u00e7o reservado no setor D.<\/p>\n<p><span style=\"color: #888888;\">Fonte: www.avai.com.br<\/span><\/p>\n","protected":false},"excerpt":{"rendered":"<p>&nbsp; Considerado um dos tr\u00eas melhores gramados do Brasil. Em 2005 fizemos uma grande reforma: trocamos toda a grama, implantamos o sistema de irriga\u00e7\u00e3o computadorizada e fizemos algumas melhorias no sistema de drenagem (hoje a manuten\u00e7\u00e3o acontece duas vezes por m\u00eas). A inaugura\u00e7\u00e3o do novo gramado (105 x 70 metros), com grama do tipo Bermuda [&hellip;]<\/p>\n","protected":false},"author":1,"featured_media":0,"parent":2987,"menu_order":4,"comment_status":"open","ping_status":"open","template":"","meta":{"footnotes":""},"class_list":["post-2997","page","type-page","status-publish","hentry"],"_links":{"self":[{"href":"https:\/\/www.souavaiano.com.br\/v8\/wp-json\/wp\/v2\/pages\/2997","targetHints":{"allow":["GET"]}}],"collection":[{"href":"https:\/\/www.souavaiano.com.br\/v8\/wp-json\/wp\/v2\/pages"}],"about":[{"href":"https:\/\/www.souavaiano.com.br\/v8\/wp-json\/wp\/v2\/types\/page"}],"author":[{"embeddable":true,"href":"https:\/\/www.souavaiano.com.br\/v8\/wp-json\/wp\/v2\/users\/1"}],"replies":[{"embeddable":true,"href":"https:\/\/www.souavaiano.com.br\/v8\/wp-json\/wp\/v2\/comments?post=2997"}],"version-history":[{"count":2,"href":"https:\/\/www.souavaiano.com.br\/v8\/wp-json\/wp\/v2\/pages\/2997\/revisions"}],"predecessor-version":[{"id":2999,"href":"https:\/\/www.souavaiano.com.br\/v8\/wp-json\/wp\/v2\/pages\/2997\/revisions\/2999"}],"up":[{"embeddable":true,"href":"https:\/\/www.souavaiano.com.br\/v8\/wp-json\/wp\/v2\/pages\/2987"}],"wp:attachment":[{"href":"https:\/\/www.souavaiano.com.br\/v8\/wp-json\/wp\/v2\/media?parent=2997"}],"curies":[{"name":"wp","href":"https:\/\/api.w.org\/{rel}","templated":true}]}}