{"id":2995,"date":"2012-03-23T23:40:05","date_gmt":"2012-03-24T02:40:05","guid":{"rendered":"http:\/\/www.souavaiano.com.br\/v8\/?page_id=2995"},"modified":"2012-03-24T00:19:48","modified_gmt":"2012-03-24T03:19:48","slug":"curiosidades","status":"publish","type":"page","link":"https:\/\/www.souavaiano.com.br\/v8\/avai-f-c\/estadio\/curiosidades\/","title":{"rendered":"Curiosidades"},"content":{"rendered":"<p>&nbsp;<\/p>\n<p>A Ressacada foi palco de jogos da Sele\u00e7\u00e3o Brasileira contra o Equador (1987) e contra a Isl\u00e2ndia (1994).<\/p>\n<p>Foi no est\u00e1dio da Ressacada, no dia 10 de julho 1996, que aconteceu o \u00faltimo jogo da sele\u00e7\u00e3o ol\u00edmpica brasileira, no Brasil, antes dos Jogos Ol\u00edmpicos de Atlanta. O Brasil venceu a Dinamarca pelo placar de 5 gols a 1.<\/p>\n<p>Desde a inaugura\u00e7\u00e3o da Ressacada, o Ava\u00ed jamais perdeu um t\u00edtulo em casa (jogo final):<\/p>\n<p>. 17 de julho de 1988: Ava\u00ed 2 x 1 Blumenau (Campeonato Catarinense, jogo de volta)<br \/>\n. 9 de dezembro de 1992: Ava\u00ed 1 x 0 Brusque (Campeonato Catarinense, jogo de ida)<br \/>\n. 19 de novembro de 1994: Ava\u00ed 2 x 1 Herc\u00edlio Luz (Campeonato Catarinense 2\u00aa Divis\u00e3o, jogo de volta)<br \/>\n. 18 de dezembro 1995: Ava\u00ed 1 x 1 Joinville (Copa Santa Catarina, jogo de ida)<br \/>\n. 22 de junho de 1997: Ava\u00ed 2 x 0 Tubar\u00e3o (Campeonato Catarinense, jogo de volta)<br \/>\n. 21 de julho de 1999: Ava\u00ed 2 x 0 Figueirense (Campeonato Catarinense, jogo de ida)<br \/>\n. 3 de maio de 2009: Ava\u00ed 6 x 1 Chapecoense (Campeonato Catarinense, jogo de volta)*<br \/>\n*O jogo foi 3\u00d71 no tempo normal e 3\u00d70 na prorroga\u00e7\u00e3o a favor do Ava\u00ed<br \/>\n. 2 de maio de 2010: Ava\u00ed 2 x 0 Joinville (Campeonato Catarinense 2010)<\/p>\n<p><span style=\"color: #888888;\">Fonte: www.avai.com.br<\/span><\/p>\n","protected":false},"excerpt":{"rendered":"<p>&nbsp; A Ressacada foi palco de jogos da Sele\u00e7\u00e3o Brasileira contra o Equador (1987) e contra a Isl\u00e2ndia (1994). Foi no est\u00e1dio da Ressacada, no dia 10 de julho 1996, que aconteceu o \u00faltimo jogo da sele\u00e7\u00e3o ol\u00edmpica brasileira, no Brasil, antes dos Jogos Ol\u00edmpicos de Atlanta. O Brasil venceu a Dinamarca pelo placar de [&hellip;]<\/p>\n","protected":false},"author":1,"featured_media":0,"parent":2987,"menu_order":3,"comment_status":"open","ping_status":"open","template":"","meta":{"footnotes":""},"class_list":["post-2995","page","type-page","status-publish","hentry"],"_links":{"self":[{"href":"https:\/\/www.souavaiano.com.br\/v8\/wp-json\/wp\/v2\/pages\/2995","targetHints":{"allow":["GET"]}}],"collection":[{"href":"https:\/\/www.souavaiano.com.br\/v8\/wp-json\/wp\/v2\/pages"}],"about":[{"href":"https:\/\/www.souavaiano.com.br\/v8\/wp-json\/wp\/v2\/types\/page"}],"author":[{"embeddable":true,"href":"https:\/\/www.souavaiano.com.br\/v8\/wp-json\/wp\/v2\/users\/1"}],"replies":[{"embeddable":true,"href":"https:\/\/www.souavaiano.com.br\/v8\/wp-json\/wp\/v2\/comments?post=2995"}],"version-history":[{"count":3,"href":"https:\/\/www.souavaiano.com.br\/v8\/wp-json\/wp\/v2\/pages\/2995\/revisions"}],"predecessor-version":[{"id":3022,"href":"https:\/\/www.souavaiano.com.br\/v8\/wp-json\/wp\/v2\/pages\/2995\/revisions\/3022"}],"up":[{"embeddable":true,"href":"https:\/\/www.souavaiano.com.br\/v8\/wp-json\/wp\/v2\/pages\/2987"}],"wp:attachment":[{"href":"https:\/\/www.souavaiano.com.br\/v8\/wp-json\/wp\/v2\/media?parent=2995"}],"curies":[{"name":"wp","href":"https:\/\/api.w.org\/{rel}","templated":true}]}}