{"id":2992,"date":"2012-03-23T23:36:26","date_gmt":"2012-03-24T02:36:26","guid":{"rendered":"http:\/\/www.souavaiano.com.br\/v8\/?page_id=2992"},"modified":"2012-03-23T23:36:26","modified_gmt":"2012-03-24T02:36:26","slug":"historia","status":"publish","type":"page","link":"https:\/\/www.souavaiano.com.br\/v8\/avai-f-c\/estadio\/historia\/","title":{"rendered":"Hist\u00f3ria"},"content":{"rendered":"<p>&nbsp;<\/p>\n<p><strong><\/strong>Nosso primeiro est\u00e1dio, o Adolfo Konder, tamb\u00e9m conhecido como \u201cCampo da Liga\u201d, foi inaugurado em 1930. Curiosamente, a maioria dos jogos acontecia durante as tardes, pois o est\u00e1dio n\u00e3o tinha sistema de ilumina\u00e7\u00e3o. Apesar de ser um campo acanhado, com poucos degraus de arquibancada, o est\u00e1dio foi palco de muitos jogos importantes.<\/p>\n<p>Foi no Est\u00e1dio Adolfo Konder, por exemplo, que aconteceu o jogo do Ava\u00ed contra o Santos, em que Pel\u00e9 estava presente e o Ava\u00ed perdeu por 2 a 1, em 15 de agosto de 1972. Outro jogo importante foi a goleada contra o Paula Ramos, com placar de 21 a 3. Esta partida, que aconteceu em 1945, \u00e9 reconhecida como a partida com o maior n\u00famero de gols da hist\u00f3ria do futebol brasileiro!<\/p>\n<p>Apesar de ter sido um local de tantas alegrias para os torcedores, o \u201cCampo da Liga\u201d ficou ultrapassado em 1975. Localizado no centro de Florian\u00f3polis, em um terreno de apenas 15.000m\u00b2, o campo n\u00e3o podia mais ser ampliado para atender as necessidades do \u201cTime da Ra\u00e7a\u201d. Por essa raz\u00e3o, em novembro de 1983, o \u201cCampo da Liga\u201d, encerrou suas atividades com uma partida entre veteranos de Ava\u00ed e Figueirense (empate 1 a 1). A partir da\u00ed, come\u00e7a a hist\u00f3ria de um novo est\u00e1dio: Aderbal Ramos da Silva, a Ressacada.<br \/>\nO surgimento da Ressacada<\/p>\n<p>Em 1980, o terreno de 15.000m\u00b2 foi trocado por outro de 120.000 m\u00b2. No local se planejava construir um Shopping Center (esse espa\u00e7o fica onde atualmente se encontra o Beiramar Shopping Center). Um ano depois, nos mudamos para onde fica a Ressacada hoje.<\/p>\n<p>Ent\u00e3o, em 15 de novembro de 1983 era inaugurado o nosso novo est\u00e1dio. A estrutura surpreendeu pela modernidade e grandiosidade: com uma base de 30 metros de profundidade, torres com mais de 40 m de altura, espalhadas em uma \u00e1rea de 17.270 m\u00b2.<\/p>\n<p>Hoje, a Ressacada tem capacidade para 17.800 mil pessoas, mas j\u00e1 chegou a receber 25.735 pagantes, em 17 de julho de 1988, na final contra o Blumenau.<\/p>\n<p>Temos orgulho em dizer que o Est\u00e1dio Aderbal Ramos da Silva \u00e9 o mais moderno est\u00e1dio de Santa Catarina e um dos melhores do Brasil!<\/p>\n<p><span style=\"color: #888888;\">Fonte: www.avai.com.br<\/span><\/p>\n","protected":false},"excerpt":{"rendered":"<p>&nbsp; Nosso primeiro est\u00e1dio, o Adolfo Konder, tamb\u00e9m conhecido como \u201cCampo da Liga\u201d, foi inaugurado em 1930. Curiosamente, a maioria dos jogos acontecia durante as tardes, pois o est\u00e1dio n\u00e3o tinha sistema de ilumina\u00e7\u00e3o. Apesar de ser um campo acanhado, com poucos degraus de arquibancada, o est\u00e1dio foi palco de muitos jogos importantes. Foi no [&hellip;]<\/p>\n","protected":false},"author":1,"featured_media":0,"parent":2987,"menu_order":2,"comment_status":"open","ping_status":"open","template":"","meta":{"footnotes":""},"class_list":["post-2992","page","type-page","status-publish","hentry"],"_links":{"self":[{"href":"https:\/\/www.souavaiano.com.br\/v8\/wp-json\/wp\/v2\/pages\/2992","targetHints":{"allow":["GET"]}}],"collection":[{"href":"https:\/\/www.souavaiano.com.br\/v8\/wp-json\/wp\/v2\/pages"}],"about":[{"href":"https:\/\/www.souavaiano.com.br\/v8\/wp-json\/wp\/v2\/types\/page"}],"author":[{"embeddable":true,"href":"https:\/\/www.souavaiano.com.br\/v8\/wp-json\/wp\/v2\/users\/1"}],"replies":[{"embeddable":true,"href":"https:\/\/www.souavaiano.com.br\/v8\/wp-json\/wp\/v2\/comments?post=2992"}],"version-history":[{"count":1,"href":"https:\/\/www.souavaiano.com.br\/v8\/wp-json\/wp\/v2\/pages\/2992\/revisions"}],"predecessor-version":[{"id":2994,"href":"https:\/\/www.souavaiano.com.br\/v8\/wp-json\/wp\/v2\/pages\/2992\/revisions\/2994"}],"up":[{"embeddable":true,"href":"https:\/\/www.souavaiano.com.br\/v8\/wp-json\/wp\/v2\/pages\/2987"}],"wp:attachment":[{"href":"https:\/\/www.souavaiano.com.br\/v8\/wp-json\/wp\/v2\/media?parent=2992"}],"curies":[{"name":"wp","href":"https:\/\/api.w.org\/{rel}","templated":true}]}}