{"id":14711,"date":"2013-02-03T01:29:50","date_gmt":"2013-02-03T03:29:50","guid":{"rendered":"http:\/\/www.souavaiano.com.br\/v8\/?page_id=14711"},"modified":"2013-02-03T01:41:49","modified_gmt":"2013-02-03T03:41:49","slug":"souavaiano-no-iphone","status":"publish","type":"page","link":"https:\/\/www.souavaiano.com.br\/v8\/souavaiano-no-iphone\/","title":{"rendered":"SouAvaiano no iPhone"},"content":{"rendered":"<p style=\"text-align: left;\">Como instalar o SouAvaiano.com.br no seu iPhone<\/p>\n<p style=\"text-align: left;\">1) Acesse www.souavaiano.com.br no seu navegador Safari.<\/p>\n<p style=\"text-align: left;\"><img loading=\"lazy\" decoding=\"async\" class=\"size-medium wp-image-14734\" alt=\"Photo 8\" src=\"http:\/\/www.souavaiano.com.br\/v8\/wp-content\/uploads\/2013\/02\/Photo-81-200x300.jpg\" width=\"200\" height=\"300\" srcset=\"https:\/\/www.souavaiano.com.br\/v8\/wp-content\/uploads\/2013\/02\/Photo-81-200x300.jpg 200w, https:\/\/www.souavaiano.com.br\/v8\/wp-content\/uploads\/2013\/02\/Photo-81.jpg 640w\" sizes=\"auto, (max-width: 200px) 100vw, 200px\" \/><\/p>\n<p style=\"text-align: left;\">2) Clique no \u00edcone em destaque na parte inferior<\/p>\n<p><img loading=\"lazy\" decoding=\"async\" class=\"size-medium wp-image-14717\" alt=\"2) Clique no \u00edcone em destaque na parte inferior\" src=\"http:\/\/www.souavaiano.com.br\/v8\/wp-content\/uploads\/2013\/02\/photo-9-200x300.jpg\" width=\"200\" height=\"300\" srcset=\"https:\/\/www.souavaiano.com.br\/v8\/wp-content\/uploads\/2013\/02\/photo-9-200x300.jpg 200w, https:\/\/www.souavaiano.com.br\/v8\/wp-content\/uploads\/2013\/02\/photo-9.jpg 640w\" sizes=\"auto, (max-width: 200px) 100vw, 200px\" \/><\/p>\n<p style=\"text-align: left;\">3) Clique em &#8220;Adicionar a Tela de In\u00edcio&#8221;<\/p>\n<p><img loading=\"lazy\" decoding=\"async\" class=\"size-medium wp-image-14718\" alt=\"3) Clique em &quot;Adicionar a Tela de In\u00edcio&quot;\" src=\"http:\/\/www.souavaiano.com.br\/v8\/wp-content\/uploads\/2013\/02\/photo-5-200x300.jpg\" width=\"200\" height=\"300\" srcset=\"https:\/\/www.souavaiano.com.br\/v8\/wp-content\/uploads\/2013\/02\/photo-5-200x300.jpg 200w, https:\/\/www.souavaiano.com.br\/v8\/wp-content\/uploads\/2013\/02\/photo-5.jpg 640w\" sizes=\"auto, (max-width: 200px) 100vw, 200px\" \/><\/p>\n<p style=\"text-align: left;\">4) Clique em &#8220;Adicionar&#8221;<\/p>\n<p><img loading=\"lazy\" decoding=\"async\" class=\"size-medium wp-image-14719\" alt=\"4) Clique em &quot;Adicionar&quot;\" src=\"http:\/\/www.souavaiano.com.br\/v8\/wp-content\/uploads\/2013\/02\/photo-6-200x300.jpg\" width=\"200\" height=\"300\" srcset=\"https:\/\/www.souavaiano.com.br\/v8\/wp-content\/uploads\/2013\/02\/photo-6-200x300.jpg 200w, https:\/\/www.souavaiano.com.br\/v8\/wp-content\/uploads\/2013\/02\/photo-6.jpg 640w\" sizes=\"auto, (max-width: 200px) 100vw, 200px\" \/><\/p>\n<p style=\"text-align: left;\">5) Pronto! Agora para acessar o SouAvaiano.com.br basta clicar no \u00edcone na tela de seu iPhone.<\/p>\n<p><img loading=\"lazy\" decoding=\"async\" class=\"size-medium wp-image-14720\" alt=\"5) Pronto! Agora para acessar o SouAvaiano.com.br basta clicar no \u00edcone na tela de seu iPhone.\" src=\"http:\/\/www.souavaiano.com.br\/v8\/wp-content\/uploads\/2013\/02\/photo-1-200x300.jpg\" width=\"200\" height=\"300\" srcset=\"https:\/\/www.souavaiano.com.br\/v8\/wp-content\/uploads\/2013\/02\/photo-1-200x300.jpg 200w, https:\/\/www.souavaiano.com.br\/v8\/wp-content\/uploads\/2013\/02\/photo-1.jpg 640w\" sizes=\"auto, (max-width: 200px) 100vw, 200px\" \/><\/p>\n","protected":false},"excerpt":{"rendered":"<p>Como instalar o SouAvaiano.com.br no seu iPhone 1) Acesse www.souavaiano.com.br no seu navegador Safari. 2) Clique no \u00edcone em destaque na parte inferior 3) Clique em &#8220;Adicionar a Tela de In\u00edcio&#8221; 4) Clique em &#8220;Adicionar&#8221; 5) Pronto! Agora para acessar o SouAvaiano.com.br basta clicar no \u00edcone na tela de seu iPhone.<\/p>\n","protected":false},"author":1,"featured_media":0,"parent":0,"menu_order":0,"comment_status":"open","ping_status":"open","template":"","meta":{"footnotes":""},"class_list":["post-14711","page","type-page","status-publish","hentry"],"_links":{"self":[{"href":"https:\/\/www.souavaiano.com.br\/v8\/wp-json\/wp\/v2\/pages\/14711","targetHints":{"allow":["GET"]}}],"collection":[{"href":"https:\/\/www.souavaiano.com.br\/v8\/wp-json\/wp\/v2\/pages"}],"about":[{"href":"https:\/\/www.souavaiano.com.br\/v8\/wp-json\/wp\/v2\/types\/page"}],"author":[{"embeddable":true,"href":"https:\/\/www.souavaiano.com.br\/v8\/wp-json\/wp\/v2\/users\/1"}],"replies":[{"embeddable":true,"href":"https:\/\/www.souavaiano.com.br\/v8\/wp-json\/wp\/v2\/comments?post=14711"}],"version-history":[{"count":12,"href":"https:\/\/www.souavaiano.com.br\/v8\/wp-json\/wp\/v2\/pages\/14711\/revisions"}],"predecessor-version":[{"id":14729,"href":"https:\/\/www.souavaiano.com.br\/v8\/wp-json\/wp\/v2\/pages\/14711\/revisions\/14729"}],"wp:attachment":[{"href":"https:\/\/www.souavaiano.com.br\/v8\/wp-json\/wp\/v2\/media?parent=14711"}],"curies":[{"name":"wp","href":"https:\/\/api.w.org\/{rel}","templated":true}]}}